7511 a prime number?
True
Is 1791226 a prime number?
False
Is 29534341 a prime number?
False
Is 49671049 prime?
False
Is 28436377 a prime number?
True
Is 33443681 a prime number?
True
Is 435462457 composite?
True
Is 14240287 composite?
False
Is 183842 a composite number?
True
Is 40897643 prime?
True
Is 47922571 composite?
False
Is 1628267 prime?
False
Is 11375291 a prime number?
True
Is 548506867 composite?
False
Is 141005923 prime?
False
Is 61180311 a composite number?
True
Is 27504127 a prime number?
False
Is 41409133 prime?
True
Is 390157421 composite?
False
Is 1957337 composite?
True
Is 54700603 composite?
False
Is 320063 prime?
True
Is 2183719 a prime number?
True
Is 34332713 a prime number?
True
Is 4129721 a prime number?
True
Is 1784579 a composite number?
False
Is 63727669 prime?
True
Is 1429631 prime?
False
Is 2020147 a prime number?
True
Is 34591553 a prime number?
True
Is 65251223 prime?
True
Is 15754559 a composite number?
False
Is 1273087 prime?
True
Is 117691879 a prime number?
True
Is 6683249 prime?
True
Is 138104693 a prime number?
False
Is 1968829 a composite number?
False
Is 27422839 composite?
False
Is 4590781 a prime number?
False
Is 90701153 prime?
False
Is 26636527 a prime number?
False
Is 196681 a composite number?
False
Is 8957599 composite?
True
Is 29547559 prime?
True
Is 6898405 prime?
False
Is 12961079 a composite number?
False
Is 23612227 a composite number?
False
Is 392600141 composite?
True
Is 4462751 prime?
True
Is 296982467 prime?
False
Is 5162273 prime?
False
Is 14865221 a composite number?
True
Is 162244715 prime?
False
Is 774919 a prime number?
True
Is 1733057 composite?
False
Is 4662881 a composite number?
True
Is 26480327 a composite number?
True
Is 11561537 a composite number?
True
Is 2131411 composite?
True
Is 7786958 a prime number?
False
Is 3996899 prime?
False
Is 20618107 a prime number?
True
Is 3711451 prime?
True
Is 120067681 composite?
True
Is 3911299 a prime number?
False
Is 101162963 prime?
False
Is 4771121 prime?
True
Is 27703357 a prime number?
False
Is 211557833 a prime number?
False
Is 2089517 a composite number?
False
Is 10260449 composite?
False
Is 1691153 composite?
True
Is 35128499 a composite number?
True
Is 5893771 prime?
False
Is 17573201 a prime number?
False
Is 4659747 composite?
True
Is 217463753 a composite number?
True
Is 510232369 a prime number?
True
Is 53456779 a composite number?
False
Is 16928971 a prime number?
False
Is 26390219 composite?
True
Is 11195369 a composite number?
True
Is 14683763 prime?
False
Is 9506509 prime?
False
Is 57767563 a prime number?
False
Is 18485437 composite?
True
Is 130218785 composite?
True
Is 269319571 a prime number?
True
Is 3590729 prime?
False
Is 4161694 a prime number?
False
Is 415903 prime?
False
Is 81178841 composite?
True
Is 920011 a prime number?
True
Is 33250463 a prime number?
True
Is 1673569 a composite number?
False
Is 2906893 composite?
True
Is 7168517 a composite number?
False
Is 107524497 prime?
False
Is 291895249 a prime number?
True
Is 486930349 a prime number?
False
Is 11731807 a composite number?
True
Is 146469721 a prime number?
False
Is 25054501 a composite number?
False
Is 26498071 composite?
True
Is 9969677 a composite number?
True
Is 34295231 a composite number?
True
Is 5305667 prime?
True
Is 39975707 prime?
True
Is 64347893 a composite number?
False
Is 122355427 a composite number?
False
Is 3372989 a prime number?
False
Is 215723 prime?
True
Is 18774829 a composite number?
True
Is 969977 prime?
True
Is 4656755 a prime number?
False
Is 6007403 prime?
True
Is 7291673 a prime number?
False
Is 2807707 prime?
False
Is 137271557 composite?
False
Is 12978211 a composite number?
False
Is 11044669 a composite number?
True
Is 261042697 a composite number?
True
Is 3574717 prime?
False
Is 43436993 prime?
False
Is 114384359 a composite number?
True
Is 2429717 a composite number?
False
Is 17118413 prime?
False
Is 52784309 prime?
False
Is 555487 a composite number?
False
Is 2774891 a composite number?
True
Is 14755357 composite?
False
Is 11571503 a prime number?
False
Is 29985383 composite?
True
Is 91737523 prime?
False
Is 4433533 composite?
True
Is 3455338 composite?
True
Is 57739421 a prime number?
True
Is 23901637 a composite number?
False
Is 3740469 a composite number?
True
Is 82033669 composite?
False
Is 363131 prime?
False
Is 1089611 a composite number?
False
Is 444421 a composite number?
False
Is 13073027 prime?
False
Is 4135727 composite?
True
Is 113514515 prime?
False
Is 598930861 prime?
True
Is 2223281 prime?
True
Is 6817211 prime?
True
Is 289615591 a composite number?
True
Is 3009142 composite?
True
Is 52208463 a prime number?
False
Is 3821942 a prime number?
False
Is 108178337 composite?
False
Is 1195669 a prime number?
True
Is 399851 prime?
True
Is 1572523 composite?
True
Is 12486601 composite?
False
Is 11743 a prime number?
True
Is 13870387 prime?
True
Is 9523739 a prime number?
False
Is 49616663 a prime number?
False
Is 196112477 a prime number?
False
Is 10649539 prime?
False
Is 10078917 prime?
False
Is 356723 composite?
True
Is 49081 a prime number?
True
Is 217317349 composite?
False
Is 473117 composite?
False
Is 2596313 composite?
True
Is 35402813 a composite number?
False
Is 3155961 prime?
False
Is 15854921 composite?
False
Is 99121801 prime?
True
Is 19390713 a composite number?
True
Is 264764915 prime?
False
Is 1479713 a composite number?
False
Is 4083533 prime?
True
Is 2541241 prime?
False
Is 1687729 a prime number?
True
Is 22126397 composite?
False
Is 936619 a composite number?
False
Is 544837 composite?
False
Is 21079621 prime?
True
Is 57413 prime?
True
Is 13629461 a prime number?
False
Is 7720369 a composite number?
False
Is 2144167 a composite number?
False
Is 922781 prime?
True
Is 1793849 a prime number?
False
Is 8919335 a composite number?
True
Is 82667337 composite?
True
Is 69215515 a composite number?
True
Is 4585619 a prime number?
True
Is 343200283 prime?
True
Is 4974377 prime?
True
Is 41082649 composite?
True
Is 91572881 prime?
False
Is 4487017 prime?
False
Is 4359283 a composite number?
True
Is 18229031 a composite number?
False
Is 98941685 a prime number?
False
Is 12847 composite?
True
Is 7785341 prime?
True
Is 47730363 composite?
True
Is 8335909 prime?
True
Is 25511 a prime number?
False
Is 1482193 prime?
True
Is 4561189 composite?
True
Is 6349103 composite?
True
Is 3448793 a composite number?
True
Is 58997539 prime?
True
Is 65716759 a prime number?
False
Is 2663107 prime?
True
Is 235660343 prime?
True
Is 18526731 a prime number?
False
Is 34015081 prime?
False
Is 16437439 composite?
False
Is 65544491 a prime number?
True
Is 13461281 a composite number?
False
Is 24665635 a composite number?
True
Is 150373 prime?
True
Is 29280821 a prime number?
False
Is 5753577 composite?
True
Is 2177801 a prime number?
False
Is 4754357 a composite number?
False
Is 319099 a prime number?
False
Is 100776917 a prime number?
True
Is 53615789 composite?
False
Is 37793957 prime?
True
Is 62314169 a composite number?
False
Is 50288033 a prime number?
True
Is 184757201 composite?
True
Is 3467239 composite?
False
Is 15245309 a prime number?
True
Is 1927741 composite?
False
Is 30674623 composite?
True
Is 20632037 composite?
False
Is 5458319 a prime number?
True
Is 69886963 a composite number?
True
Is 98802557 prime?
False
Is 17273 a prime number?
False
Is 12023491 prime?
False
Is 44948387 a composite number?
True
Is 27165503 prime?
False
Is 1724479 a prime number?
False
Is 202401343 prime?
False
Is 89547587 composite?
True
Is 47116957 a prime number?
True
Is 5594653 a composite number?
True
Is 2850563 composite?
False
Is 2027537 a prime number?
True
Is 23652479 composite?
False
Is 3733543 prime?
False
Is 29103691 prime?
False
Is 1000379 composite?
True
Is 4101431 a composite number?
False
Is 5800645 a composite number?
True
Is 22661657 prime?
True
Is 270727323 prime?
False
Is 239811361 a prime number?
True
Is 2025691 a prime number?
False
Is 2636087 prime?
True
Is 14589983 a prime number?
True
Is 117576581 prime?
True
Is 78526141 a prime number?
False
Is 2847665 a composite number?
True
Is 1618891 a prime number?
True
Is 20824523 composite?
True
Is 1825757 a composite number?
False
Is 18491833 prime?
True
Is 542753 a prime num